tors of f.
2, 3
Let r be 204/(-26) + 14/(-91). Let o = r + 1. Let b(i) = i**3 + 6*i**2 - 9*i - 6. List the prime factors of b(o).
2
Let r = 51 + -39. List the prime factors of r.
2, 3
Let x = -33 - -50. List the prime factors of x.
17
List the prime factors of ((-18)/10)/((-6)/150).
3, 5
Suppose -28 = -4*q - 8. Suppose -s - 2 + q = 0. Suppose 4*p - 5*n = -4, s*n - 16 = -3*p + 2*n. What are the prime factors of p?
2
Suppose 3*j - 3*t - 155 - 127 = 0, 5*t - 25 = 0. Suppose -2*p - j = -5*a, -3*a + 17 = -2*a + p. List the prime factors of a.
19
Suppose 0 = -h + 5 - 2. Let d(c) = -c**2 + 6*c - 5. Let j(m) = -3*m**2 + 18*m - 14. Let o(k) = -11*d(k) + 4*j(k). What are the prime factors of o(h)?
2
Let h(v) = -v**3 - 3*v**2 + 5*v. What are the prime factors of h(-6)?
2, 3, 13
Let n be ((-3)/(-9))/((-1)/(-15)). Let q be ((-4)/n)/((-4)/170). Suppose 3*m = 2 + q. What are the prime factors of m?
2, 3
Suppose -2*t = -0*t + 4. List the prime factors of -2 + t + 4 - -58.
2, 29
Let i(q) be the third derivative of -q**4/8 - q**3/3 + 5*q**2. List the prime factors of i(-9).
5
Let g(u) = 5*u**2 + 12*u - 13. What are the prime factors of g(-6)?
5, 19
Let x(b) = 6*b**2 - 14*b + 14. What are the prime factors of x(7)?
2, 3, 5, 7
Suppose 0 = -u + 5, 0 = -3*m + 3*u + 5 + 91. What are the prime factors of m?
37
Let d(r) = r + 3*r - 5 + 4*r. List the prime factors of d(3).
19
Suppose -4*w - 5*i = -w - 31, -i = 3*w - 11. Suppose 40 = 2*a + w*a. List the prime factors of a.
2, 5
Let f(g) = -g**3 - 5*g**2 + 7*g + 9. Let p be f(-6). Suppose 3 - 12 = -p*k. Suppose -5*u = -4*u, 3*u - 12 = -k*m. List the prime factors of m.
2
Suppose 6 = 3*f - 6. Suppose -f*c + 39 + 9 = 0. What are the prime factors of c?
2, 3
Let d(c) be the third derivative of c**5/30 - c**4/12 - 2*c**3/3 + 2*c**2. Let w be d(3). Let i(f) = -f**3 + 8*f**2 + 4. List the prime factors of i(w).
2
Suppose 0 = x + 4*r - 15, r = -8*x + 3*x - 1. Let h = 2 + -1. What are the prime factors of h + (x - -9) - 2?
7
Let p = -3 + 4. Let k be (3/p - -1) + 1. Let o(g) = g - 3. What are the prime factors of o(k)?
2
Let h(g) = g**3 + 9*g**2 + 3*g - 1. List the prime factors of h(-4).
67
Suppose 108 = 5*z + 33. Let t be (-31)/(-5) - 3/z. Let i = 9 - t. List the prime factors of i.
3
Let x be (14/4)/(-7)*-30. List the prime factors of (30*1)/(x/20).
2, 5
Let x(u) = -u**3 - 3*u**2 + u - 3. List the prime factors of x(-4).
3
Let v = -6 - -18. Suppose -3*n - 4*p + p = -v, -5*p = n. List the prime factors of n.
5
Let w be 0/5 + 5*-1. Let x be (-1 + (-21)/(-15))*25. Let q = w + x. List the prime factors of q.
5
Suppose -2*g + 0*g = -252. List the prime factors of g.
2, 3, 7
Let a be ((-3)/(-9))/(2/12). Suppose a*t - 15 = 15. What are the prime factors of t?
3, 5
Let l be (9/6)/(3/4). Suppose 0 = 3*r - l*q - 0*q - 16, 11 = r + 5*q. What are the prime factors of 6/(r/9 + 0)?
3
Suppose 0 = -5*d - 2*s + 31, 13 = 5*d + 2*s - 6*s. Suppose 0 = -6*n + d*n + 12. List the prime factors of n.
2, 3
Suppose 4*k = -4, 2*k - 28 = -2*u - 2*k. List the prime factors of u.
2
Suppose 0*w + 4*q - 311 = -3*w, -192 = -2*w + 5*q. List the prime factors of w.
101
Let z = 22 + 80. What are the prime factors of z?
2, 3, 17
Let r(w) = -w**2 + w + 4. Let a be r(0). Suppose -36 - 24 = -a*u. What are the prime factors of u?
3, 5
Suppose 0*x - 2 = -x. Let k(s) = 2*s + 2*s**2 - 2 + s**3 + x*s**2 - s. List the prime factors of k(-3).
2
Let c be 17/(1 + (-9)/12). Suppose -5*o + y + 91 = 0, -4*o - y + 3*y = -c. List the prime factors of o.
19
Let p = 7 - 6. What are the prime factors of (-5 - p)*(-7)/2?
3, 7
Suppose 2*f - 539 = -5*b, 4*b + 0*f = 2*f + 424. List the prime factors of b.
107
Let t(c) = 4*c + 1. Let j be t(1). Suppose -4*v - 4*q + 120 = 0, 1 = v - 5*q - j. List the prime factors of v.
2, 13
Let s(q) = q**3 + 6*q**2 + 2*q - 4. Let f be s(-5). Suppose -2*y - 4*j - 38 = 0, 11 = -y - j - f. Let k = y - -46. List the prime factors of k.
3, 7
Suppose 17 = 4*c - 3*c. Let m = -11 + c. What are the prime factors of m?
2, 3
Let g(t) = -2*t**3 + 2*t**2 + 3*t + 4. What are the prime factors of g(-2)?
2, 11
Let p = -12 + 7. Let f(k) = k**2 - k - 3. List the prime factors of f(p).
3
Let s(a) = 2*a - 6. Let b(y) = y**2 - y + 2. Let t(o) = o**3 - 2*o**2 - o - 4. Let l be t(3). Let q be b(l). What are the prime factors of s(q)?
2
Suppose 3*b - 7 = 2. What are the prime factors of b?
3
Let l(x) = 20*x**2 - 2*x - 1. What are the prime factors of l(-1)?
3, 7
Let z = -11 + 15. Let m = 6 - z. What are the prime factors of m?
2
Let x be 28/(-6) - (-18)/27. List the prime factors of (470/(-15))/(x/6).
47
Let l(k) = -k**3 - 4*k**2 - 3*k + 4. Let m = 1 + 2. Suppose -3*n = -9, -5*g + 4*g - m*n + 6 = 0. List the prime factors of l(g).
2
Suppose -1 = 4*q - 3*q - 5*u, 0 = -3*u + 3. Suppose q*k - 5*k = -6. What are the prime factors of k?
2, 3
Let u = 85 - 59. List the prime factors of u.
2, 13
Let u(g) = 7*g + 5. What are the prime factors of u(6)?
47
Let m be 1*(5 - 3 - 2). Suppose m = -3*j - 0*j + 3. Let y = j - -7. List the prime factors of y.
2
Let z be (0 - 3)/(9/6). List the prime factors of (-1045)/(-44) - z/8.
2, 3
Suppose 5*u - 34 + 3 = -2*j, 5*j = 3*u. Let l(n) be the first derivative of n**3/3 - 3*n**2/2 - 2*n - 2. List the prime factors of l(u).
2
Suppose -2*l = 3*v - 33 + 13, 16 = 2*v + 2*l. Suppose -r + 0*r - v = 0. List the prime factors of (-2)/5*(-14 - r).
2
Let i be 9 + (-1 - 6/(-3)). Suppose -i - 50 = -5*v. What are the prime factors of v?
2, 3
Suppose -m = m - 40. Suppose 2*v + m = -2*v. Let d(b) = b**2 + 4*b - 2. List the prime factors of d(v).
3
Suppose -4*l - 6*j = -j - 56, 4*j + 20 = 4*l. Suppose -2*v + l = -9. List the prime factors of v.
3
Let l(p) be the first derivative of -p**4/4 + 3*p**3 + 9*p**2/2 + 14*p - 7. What are the prime factors of l(10)?
2
Suppose z - 8 = 4*w - 6*w, 3*w = 6. Suppose 5*v = z*q + 47, -2*v - q + 2 = 3*q. List the prime factors of v.
7
Let h(i) = 2*i - 1. Let l be h(3). Suppose 0 = -l*y + 52 + 33. Let o = 26 - y. List the prime factors of o.
3
Suppose 0*k + 4*k - 28 = 0. List the prime factors of k.
7
Let m be 2/(-8) - 26/(-8). Let i(w) = 2*w - 2. Let f be i(6). Suppose -t + 7*a - 2*a = -30, 5*t = -m*a + f. List the prime factors of t.
5
Let h(n) = 7*n**2 + 2*n**3 - 6*n**3 + 5*n**3 - 2 + 5*n. Let m = -19 - -13. List the prime factors of h(m).
2
Let n(c) = c - 2. Let p be n(6). Suppose -p*r + 29 - 1 = 0. What are the prime factors of r?
7
List the prime factors of -13*((-70)/5 + -1).
3, 5, 13
Let t be 65*(0/(-1) + 1). Suppose -5*l + 15 = -t. List the prime factors of l.
2
Let g = 41 + -21. Suppose -5*f + g = -3*w - 51, f + 4*w = 28. Suppose -3*i + 20 = -f. What are the prime factors of i?
2, 3
Suppose -12 = -d - 2*d, 5*a - 4*d = -26. Let v = 2 - a. Suppose -5*n + 5*g = -35, 3*g - 64 = -v*n - 2*g. List the prime factors of n.
11
Suppose 6*w - 8*w = -160. List the prime factors of w.
2, 5
Suppose -2*y - 2*y = -36. Let r = -4 + y. What are the prime factors of r?
5
Let f be (174/(-9))/((-1)/3). Suppose l + l = f. List the prime factors of l.
29
Let s be 0/(-2 - (1 + -1)). Let m = 1 - s. Suppose m = d, -4*z + 27 = -7*d + 2*d. What are the prime factors of z?
2
Let m(i) = i**3 - 7*i**2 + 5*i - 9. List the prime factors of m(7).
2, 13
Let u = 3 - 0. Let w(j) = -j**3 + 5*j**2 - 1. What are the prime factors of w(u)?
17
Suppose -8*h + 8 = -4*h. Let d be 12/(-30) - (-28)/(-5). What are the prime factors of d*(-1)/(h/3)?
3
Suppose -60 = -3*y - 2*y. List the prime factors of y.
2, 3
Let l be (-30)/(-50) - 24/(-10). Let d = 20 - l. List the prime factors of d.
17
Let i = 6 + -3. Suppose h = i*h - 20. List the prime factors of h.
2, 5
Suppose -h = -k - k + 6, -3 = -2*h + k. Suppose 2*r - h*x - 53 - 25 = 0, 2*x = -3*r + 93. What are the prime factors of r?
3, 11
Suppose -2*o = 3*o - 260. What are the prime factors of o?
2, 13
Let k(i) = -i - 17. Let y be k(-8). List the prime factors of (-897)/(-27) - (-2)/y.
3, 11
Suppose 5*k = r - 49, 2*r + 3*k - 2*k - 43 = 0. What are the prime factors of r?
2, 3
Suppose 3*y - 54 = -y + 2*p, -4*y + 57 = -p. Suppose y = 5*l, -5*b + 0*l = -5*l + 40. Let f = 12 - b. List the prime factors of f.
17
Let q be -2*3/12*4. Let u(g) = 3*g + 1. Let c be u(-2). Let z = q - c. List the prime factors of z.
3
Let m(z) =